pose 0 = -0*n + n + 1. Determine d(n).
3
Let b(p) be the third derivative of -p**6/240 - p**5/40 - 23*p**4/6 + 23*p**2. Let y(z) be the second derivative of b(z). Let s be -5 + 3 + 1/(-1). Give y(s).
6
Let l(g) = -842*g**3 + 0*g + 7 + 841*g**3 - 5*g**2 + 0*g. Let y be -29 - (37/13 + 6/39). Let a = y + 27. Calculate l(a).
7
Suppose -3*d - 22 = 5*t, 3*d - 2*t = 5*d + 16. Let q be d/(-9) + 1 + (-4 - -3). Let s(p) = 4*p**2. Determine s(q).
4
Let n(s) = s + 6. Let p(a) = 4*a**2 + 3*a - 9. Let h be p(-9). Let f = 294 - h. What is n(f)?
12
Let x(h) = h**3 + 8*h**2 + 4*h - 6. Let z(f) = 2*f - 13. Let q be z(14). Suppose 3*s = -2*s + q. Let o be (2/(-3) - (-5)/s) + -8. What is x(o)?
15
Let w(q) = -79*q + 97*q - 19*q + 3. Determine w(3).
0
Let j(z) = -10*z**3 - 13*z**2 + 3*z + 34. Let b(x) = -7*x**3 - 13*x**2 + 3*x + 35. Let c(p) = -3*b(p) + 2*j(p). Give c(-13).
2
Let n(f) = f**2 - 22*f + 107. Suppose 44*x - 504 + 30 - 142 = 0. What is n(x)?
-5
Suppose -4*a - 5*b = -33, -2*a + 6 = 3*b - 13. Let s(c) = -a*c + c + 2 + 0*c. Let x be 36/17 + 27*(-8)/1836 + 6. What is s(x)?
-6
Let z(d) = -10*d - 1. Suppose -3*a + 19 - 31 = 0. Let w be 9/(-7) - (a + 234/63). Give z(w).
9
Let q(c) be the first derivative of c**3/3 - 9*c**2/2 - 10*c - 2416. Give q(-1).
0
Let v(k) = k**2 - k + 1. Let q(p) = 6*p**2 - 4*p + 110. Let w(l) = q(l) - 3*v(l). Let u(o) be the first derivative of w(o). Let b = -3 + 4. Determine u(b).
5
Let j(t) = 13*t - 17. Let q(z) = 56*z - 68. Let n(b) = -9*j(b) + 2*q(b). Calculate n(6).
-13
Let k(c) = c**2 - 5*c + 11. Suppose 14*h - 15*h = -4*g + 6, 0 = -2*h + 12. Give k(g).
5
Suppose r - p = 8 - 2, 0 = -r + 5*p + 22. Let o(b) = -66*b + 57*b + 2 - 5*b**r + 5 + b**3. Calculate o(6).
-11
Let v(u) be the first derivative of -u**4/4 + 16*u**3 + 3*u**2/2 - 141*u + 1099. What is v(48)?
3
Let c(p) be the third derivative of p**8/6720 + 13*p**7/2520 + p**6/60 - 7*p**4/24 - 2*p**2 - 45. Let s(m) be the second derivative of c(m). Determine s(-12).
0
Let a(p) = 461*p - 1. Let f be a(2). Suppose -f*j + 32 = -917*j. Let k(o) = -3*o + 20. What is k(j)?
-4
Let s = 535 + -523. Let j(l) = -3*l + 44. Determine j(s).
8
Let j(q) = -q**2 + 8*q + 3. Let g = 124 - 126. Let o be (-9 - (g + -2)) + 14. Give j(o).
-6
Let l(r) = -3460*r + 297556. Let d be l(86). Let i(y) = -1 + 6*y**2 + 4*y - y**3 - y**3 + 3*y**3. Calculate i(d).
15
Let k be -9 - (-26 + 10 - -8). Let w(x) = -x - 2. Let f(r) = 11*r**2 + 2*r + 3. Let v(s) = f(s) + w(s). Calculate v(k).
11
Suppose -6730 = 41*n - 990. Let g = 136 + n. Let s(q) = -q**3 - 4*q**2 + 5*q. What is s(g)?
-20
Let t(v) = -829*v**3 + 10 - 21*v**2 + 17*v + 19 + 3*v**2 + 828*v**3. Calculate t(-19).
67
Let u(s) be the second derivative of -s**5/20 - 2*s**4/3 - s**3/6 - s**2/2 + 2*s - 541. Let z = 38 - 15. Suppose 4*j + z = -3*c, 2*c + 2 = 8. Give u(j).
7
Let i(f) = -446*f - 97. Let m(r) = -39*r - 1. Let n(h) = -4*i(h) + 44*m(h). Give n(-5).
4
Let v(b) = b**2 + 28*b + 54. Suppose 180*h + 3874 = 31*h. Give v(h).
2
Suppose -47 = -5*k + 5*q - 2*q, -k - 4*q - 9 = 0. Let f(w) = -13*w**3 + 3*w - 3. Let s(b) = 23*b**3 - 5*b + 6. Let c(h) = k*f(h) + 4*s(h). Give c(-3).
-27
Let n = 1023 - 1020. Let a(t) = 8*t - 55*t**3 - 8*t + 59*t**n. Let s = 2 + -1. Determine a(s).
4
Let r(q) = q**3 + 55*q**2 + q + 18. Let u(g) = g**3 + 29*g**2 + g + 7. Let z(f) = 3*r(f) - 5*u(f). Determine z(10).
-1
Let v(n) be the third derivative of -n**4/6 - n**3 - 866*n**2. What is v(-6)?
18
Let s be (-21)/27 - 18/81. Let z(p) = 18*p - 1. Let a(o) = 4*o. Let h(g) = s*z(g) + 3*a(g). Give h(4).
-23
Let r(x) be the first derivative of x**3/3 - 6*x**2 + 2727. Give r(10).
-20
Let l(a) = 13 + a + 7 - 17. Let r(x) = 3*x + 5. Let t(z) = -5*l(z) + 2*r(z). Let d = 1 - 1. Give t(d).
-5
Let w(c) = 11*c + 4. Let u be w(-30). Let h = u + 328. Let b(o) = -o**3 + 3*o + 2. Determine b(h).
0
Let m(w) = -17*w**2 - 15*w - 33. Let f(g) = 22*g**2 + 16*g + 37. Let v(s) = -4*f(s) - 5*m(s). What is v(7)?
-53
Let v(p) be the second derivative of p**4/12 + 5*p**3/6 - 5*p**2/2 + 11*p. Suppose 3*i - 2 = -2*n, 4*n + 4*i + 0*i = -4. Determine v(n).
-5
Let d(y) = 6*y - 24. Let i(g) = -3*g + 13. Let h(j) = -4*d(j) - 7*i(j). Let p(z) = 5*z - 8. Let k(m) = 7*h(m) + 4*p(m). Determine k(-3).
6
Let s(h) = 6*h**2 - 2*h - 66 + 62 - 5*h**2 - h**3. Let m be s(0). Let q(o) = 5*o - 2. Give q(m).
-22
Let s(b) = -13*b - 49. Let v be s(-9). Let f = v + -64. Suppose -g - 2*g + a + 7 = 0, -f*g - 12 = 4*a. Let q(r) = 12*r**3 - 1. Determine q(g).
11
Let c(m) = -6*m**2 + 107*m + 17. Suppose -737 + 809 = 4*z. Calculate c(z).
-1
Suppose 0 = -34*j + 137 + 218 - 559. Let p(a) = -a**3 - 8*a**2 - 10*a - 6. What is p(j)?
-18
Let n(v) = v**2 - 11*v + 4. Let d = -81 + 123. Suppose 0 = 5*g - 4*y - d, -4*g + 3*y + 0*y + 34 = 0. Let o be n(g). Let z(q) = -2*q - 5. Determine z(o).
7
Let n(u) = 4686*u**2 - 2342*u**2 + 5 + 5*u + 28*u**3 - 2345*u**2. Give n(-1).
-29
Let o(t) = -15*t**2 + 12*t + 19. Let q be o(-1). Let z(l) = 14*l + 108. What is z(q)?
-4
Suppose -5*f + r - 33 = 0, 0 = 3*f - 3*r + 8*r + 3. Let a(q) = -q**3 - 6*q**2 + 6*q - 11. Give a(f).
-47
Let c(h) = 613*h - 3056. Let r be c(5). Let k(s) = -s**2 + 6*s + 2. What is k(r)?
-25
Let v(q) be the third derivative of -q**6/120 + 3*q**5/20 + q**4/6 - 7*q**3/3 - 2*q**2 - 60. Calculate v(9).
22
Let s(b) be the third derivative of b**6/120 - b**5/30 - 3*b**4/8 - b**3/6 + 252*b**2. Calculate s(4).
-5
Suppose 26 = 2*c - 66. Suppose -14 = 30*f + c. Let w(l) = l**2 + 4*l - 2. Let t(y) = -y**2 + y. Let s(u) = -2*t(u) + w(u). What is s(f)?
6
Let b(l) be the first derivative of l**4/4 + 22*l**3/3 + 2*l**2 + 104*l + 2534. Give b(-22).
16
Let z(h) = -2*h + 79. Let c(m) = -m - 40. Let n(t) = 2*c(t) + z(t). Calculate n(-1).
3
Let d be (-26)/(-5) - (-1)/(-5) - 3. Let r(l) = 276 - 562 + 278 - l**d - 12*l. What is r(-9)?
19
Let v(m) = 15 - 33*m**2 + 50*m**2 - 4*m - 20*m**2 + 23*m + 13*m. Calculate v(11).
4
Let t(q) = -q**3 + 9*q**2 - 3. Let p be (-824)/8 + (2 - 2 - 0). Let y = -94 - p. What is t(y)?
-3
Suppose -5*y = -5*u - 370 + 115, -2*u + 173 = 3*y. Let o = y - 64. Let v(w) = w**2 + 8*w - 9. What is v(o)?
0
Let k(j) = 3*j - j**3 + 374*j**2 - 702*j**2 + 4 + 326*j**2. Determine k(-2).
-2
Let i(n) = 451 + 454 - 1348 + 3*n + 11*n**3 - n + 442 - 2*n**2. Let b(a) = a - 6. Let r be b(7). Determine i(r).
10
Let g(m) = -26*m**2 - 226*m + 17. Let w(l) = 5*l**2 + 44*l - 3. Let u(x) = 6*g(x) + 31*w(x). Give u(-5).
-56
Let y(m) = -m - 6. Suppose 4*p = -2*w, -4*p = -3*p + 2*w. Let r be ((-12)/(-20))/(20/100). Suppose r*o + p*o = -v - 12, 3*v = 5*o - 8. Determine y(v).
0
Let c(h) = h**3 + 5*h**2 - h + 5. Let u = 3 + 13. Suppose -u + 46 = -6*s. What is c(s)?
10
Let y(p) be the second derivative of -p**5/20 + 7*p**4/12 - 5*p**3/3 - 7*p**2/2 - 1252*p. What is y(6)?
-31
Let o(n) be the third derivative of n**6/120 - n**5/5 - 5*n**4/8 + 17*n**3/6 - 1634*n**2. Calculate o(13).
-9
Let q(j) = 2*j - 58. Suppose 4*a - 116 = -3*t, -5*a + 65 = t - 91. Give q(a).
6
Let d(b) = -5*b**3 + 41 - 2*b + 5 + 5*b**3 - 59 + 8*b**2 + b**3. What is d(-8)?
3
Let q(c) = 4*c - 7. Let j be 3/2*(-2028)/(-1521). Determine q(j).
1
Let b(t) = 36*t + 144. Let a = -4058 - -4054. Give b(a).
0
Suppose 0 = -13*b + 8*b - o + 1, 2*o = -b + 11. Let k(a) = 21*a**2 + a + 3. What is k(b)?
23
Let q(z) be the second derivative of 18*z + 2*z**2 + 1/20*z**5 + 2/3*z**3 + 5/12*z**4 + 3. What is q(-4)?
4
Let g(k) = -k**2 + 6*k - 5. Suppose 3*u + 12 = 3*q - 30, -4*q = 5*u - 38. Suppose q*v = 11*v - 45. Let b = v - -51. What is g(b)?
-5
Let t(u) = -2*u**3 + 49*u**2 + 71*u + 8. Let w(s) = s**3 - 22*s**2 - 35*s - 2. Let r(o) = -3*t(o) - 7*w(o). Determine r(10).
10
Let r(t) = -8*t - 26 + 5*t**2 - 6*t**2 + 20. Let a be (-18)/(-45) - (-58)/5. Let k be ((-5)/(75/a))/(2/10). Give r(k).
10
Let s(g) = 8*g + 23. Let m(l) = 249*l + 12 - 498*l + 254*l. Let u(q) = 5*m(q) - 3*s(q). Give u(10).
1
Let b(h) = 4*h + 174509 - 2*h - 174523. Let a be 13/2 - (-1)/(-2). What is b(a)?
-2
Suppose -2*m + m + 5 = 0. Suppose m*w = 2*z + 20, 2*z = -2*w - 0*w - 6. Let h(l) = -36 + 2*l**w - l**2 + 33 - 4*l. Give h(5).
2
Let x(v) = 4*v + 15. Suppose 2*u - 1 - 7 = 0. Let g(o) = -3*o - 1 - 15 - 2*o + 0*o. Let f(l) = u*x(l) + 3*g(l). Determine f(0).
12
Let g(c) be the second derivative of c**5/20 + 5